rime number?
True
Let w(v) = -4433*v + 77. Suppose 13 = -3*x - 0*u - u, 3*u - 21 = 3*x. Let i(h) = -286*h + 5. Let a(b) = x*w(b) + 77*i(b). Is a(1) composite?
True
Let q(k) = -65*k**2 - k + 3. Let a be q(-3). Let m = -314 - a. Is m prime?
False
Suppose -6*y + 240712 = 2*y. Is y prime?
True
Let c(n) = 99*n - 4. Suppose -60 = s - 5*s. Is c(s) a composite number?
False
Let x(a) = -6*a + 30. Let r be x(5). Is ((4 + 591)/(-7))/(r + -1) a composite number?
True
Is (6 - (-20)/(-3))*(-546)/4 a prime number?
False
Suppose 0 = -5*w - 2*t + 8, 0 + 1 = -2*w - 5*t. Is (1172/6)/(3/9*w) a prime number?
True
Suppose -5*a = -0*a - 20. Suppose 4*c = a*t, -4*c = -3*c + 2. Is t - -94*87/6 a prime number?
True
Suppose -5*n + 156511 = 2*z, -z = 51 - 49. Is n a prime number?
False
Suppose -25*v + 57940 = -5*v. Is v prime?
True
Suppose -2*q - 5*d = -48629, -3*d + 16706 + 7608 = q. Is q prime?
True
Suppose -k - 4*n = -8, -8 = 4*k - n - 3*n. Let q = 0 - -8. Suppose -11*m + q*m + 147 = k. Is m prime?
False
Let u = -32 + 32. Suppose -r + 80 = o + 2*r, u = 4*o + 4*r - 344. Is o a composite number?
False
Let n(m) = -m**2 + 2*m + 1151. Suppose 3*j = j + 2. Let s be (-1 - -1)*(j + -2). Is n(s) prime?
True
Is (-12)/16 - ((-13953)/12 + -1) a composite number?
False
Suppose -28 = -o - 3*o - 5*b, -b + 6 = o. Let a(f) = 107*f - 3. Is a(o) prime?
True
Let s be (156/10)/(11/55). Suppose 371 = o - s. Is o a composite number?
False
Let t(l) = l**2 - 2*l - 17. Let k(q) = q**2 - 7*q + 3. Let d be k(5). Is t(d) prime?
False
Let r = 20950 - 5963. Is r composite?
True
Is 14706/(-1 + 4) - (7 - 12) a composite number?
True
Suppose 3*g + 2*g = 5*t - 10, 0 = -5*g - 3*t + 14. Is g/(-5) + (-38566)/(-55) a composite number?
False
Suppose -3*p + 5*n = 4 + 6, 3*n + 10 = 5*p. Suppose 4*x - 4*o + 7916 = 0, -4*x - 2156 = p*o + 5805. Is 6/21 + x/(-14) prime?
False
Let t = -19 - -16. Is 3*((-335)/t + 0) a prime number?
False
Let p(h) = -63*h + 10. Suppose -b = -10*b - 27. Is p(b) prime?
True
Let o = -109 - -108. Let m(r) = 3807*r + 1. Let q be m(1). Is q/35 + o/(-5) composite?
False
Let h(r) = -59*r - 1. Let x be h(5). Let u = x - -139. Is 3/(-3)*1*u a prime number?
True
Let m(n) = -n**3 - 12*n**2 - 20*n - 10. Let j be m(-10). Is (-2742)/2*j/30 a prime number?
True
Suppose 2*k - 45754 = -0*p - 4*p, 0 = k - 2*p - 22869. Is k a composite number?
True
Let f = 2439 + -1652. Is f a composite number?
False
Suppose h = 0, 2458 = -2*p + 4*h - 0*h. Is (2*p)/(-1 - 2 - -1) a prime number?
True
Suppose -5*i + 2*a + 27353 = 0, 5*i - 20274 - 7085 = -4*a. Is i a prime number?
True
Is (6/(-4))/((-51)/46274) prime?
True
Let z(c) = 6 + 1 + 6 + 79*c**2 - 2*c - 9. Let f be z(2). Suppose 2*p = f + 186. Is p composite?
False
Suppose -4*q - 5*m + 930 = 0, 4*q - 49*m + 45*m - 948 = 0. Is q composite?
True
Let z(u) = u**3 + 11*u**2 + 11*u + 3. Let k be z(-7). Suppose 5*t - 10 = 1045. Let a = t - k. Is a composite?
False
Let b(o) = 230*o**3 - 4*o**2 + 15*o - 38. Is b(5) prime?
True
Suppose r + 2*o - 37057 = 0, 0 = 2*r + 3*o - 76007 + 1897. Is r a prime number?
True
Suppose 18*g - 109820 = 852802. Is g composite?
False
Suppose -9555 = 14*j - 76517. Is j prime?
True
Suppose n - f - 1 = -0*f, -2*n + f + 4 = 0. Suppose v + n*v = -4*a + 860, 3*v + 874 = 4*a. Is a prime?
False
Suppose -72088 + 10199 = -3*g - 2*x, 4 = x. Is g a composite number?
False
Let y(q) = 8*q**2 + q - 681*q**3 - 21*q**2 + 15*q**2 + 1. Let h be (-3)/6*(-6)/(-3). Is y(h) a composite number?
False
Let r = -351 + 117. Let f be 0 + 0 + (r - -3). Let c = f + 650. Is c a prime number?
True
Suppose -5*c + 174 = 3*a + 43, 2*a - 5*c = 79. Suppose 5*n - 4*y = -a + 1316, -n = -2*y - 256. Suppose -6*m = -148 - n. Is m composite?
False
Let a(l) be the second derivative of l**5/20 + 11*l**4/6 - 5*l**3/6 + 7*l**2/2 - 14*l. Is a(-16) composite?
True
Suppose -3*i - c + 8 = 0, 20 = -c - 4*c. Let m be 4 - (9 + i/(-4)). Is -541*((5 - 2) + m) a prime number?
True
Let h(f) = -f**3 - 5*f**2 + 7*f + 1. Let w = 73 + -51. Let v = w - 32. Is h(v) prime?
True
Suppose -10758 - 14564 = -2*p. Is p prime?
False
Let g = 111646 + -66693. Is g a prime number?
True
Suppose 3*x + z = 4*z + 6, 4*z + 14 = 5*x. Suppose -s + 313 = x*m - m, 2*m = 4*s - 1164. Is s a composite number?
False
Let q(t) = 3*t - 2*t**2 - 1 + 4*t**3 - 4*t**3 + t**3. Let d be q(2). Suppose 5*h - 4*y - 55 = -y, d = y. Is h a prime number?
False
Let w = 13187 + -990. Is w prime?
True
Let m(i) = -36*i**2 + 2*i + 2. Let o be m(-1). Let b be ((-5)/6)/(6/o). Suppose 4*g + 5*q - 401 = 2*g, -5*g + 1010 = b*q. Is g composite?
True
Suppose -5*u - 23 = 2. Let m be (2 + u)*(-4)/6. Is 170/20*m*7 a prime number?
False
Let d = -137 + 62. Is (-2)/5 - 15480/d a prime number?
False
Is 1/3*280980/60 a composite number?
True
Let u be (1 - -1) + 9 + 1. Let h be (10 - u) + 1*4. Suppose -h*o + 435 + 91 = 0. Is o composite?
False
Let m be (12/(-10))/((-20)/50). Let u be m - 2 - 2/(-1). Suppose o + u*o = 676. Is o a prime number?
False
Let b(w) be the third derivative of -w**5/60 - 17*w**4/8 - 31*w**3/6 + 2*w**2 + 28. Is b(-23) a prime number?
True
Let t be 30*(308/20 + -1). Let z = 919 - t. Is z prime?
True
Let g(s) = s**2 + 2*s + 20. Suppose n = -3*n + t - 82, t = -3*n - 65. Is g(n) composite?
False
Let u be 9/(-15) - 2/((-30)/14619). Suppose -u = -3*s + 973. Is s prime?
False
Suppose -13 - 17 = 3*j. Let b(r) = 3*r**2 - 8*r + 11. Is b(j) a composite number?
True
Let n = -103 + 240. Let k = n + -84. Is k prime?
True
Let f = -3 - -3. Let k be (-1)/((-2)/(-10 - f)). Let j(c) = -c**3 - 4*c**2 - 8*c - 6. Is j(k) composite?
False
Suppose -5*p = 11*p - 379216. Is p a prime number?
False
Suppose -4*a - 2*o = 4, 2*a = -5*o + 3*o. Let s(x) = -35*x**3 + 4*x**2 + 2*x + 1. Is s(a) a composite number?
False
Suppose b = 2*b - 2. Suppose 0 = 3*i - 12, -3 = -b*q + i + 9. Is q/(-16)*-2*83 a prime number?
True
Let t = -31 + 164. Let x be (-12)/8*-8*37/6. Let q = t - x. Is q prime?
True
Suppose -16*d = -14*d - 10. Suppose 3*s - 6*s = 2*i - 4541, d*i - 11295 = 4*s. Is i composite?
True
Suppose q = -s - 3202, 0*s - 12813 = 4*q + 3*s. Is q/(-27) - (-2)/9 composite?
True
Let h(p) = -723*p + 163. Is h(-20) a composite number?
True
Let r(s) = 7223*s**2 - 29*s + 43. Is r(4) prime?
False
Let v be (24/(-42))/(4/(-14)). Suppose 0 = -5*u + 2*k - 99, v*k = -2*u + 3*k - 39. Is 6/2*(-679)/u composite?
False
Is ((-314)/(-14))/(12/84) composite?
False
Let j be 223/(-3)*(3 + -10 + -2). Suppose 5*x - 3056 = j. Is x composite?
True
Let r = -4 - -7. Let c(q) = -q**3 + 4*q**2 + q - 4. Let t be c(r). Is 1049/4 - (-6)/t composite?
False
Let x = 1498 - 831. Is x a prime number?
False
Let o be (-2)/(-8) - 189/36. Let v(t) = -t**3 - 4*t**2 + 6*t + 1. Let c be v(o). Let m(y) = -3*y**3 + 5*y**2 + 6*y + 3. Is m(c) a composite number?
False
Let k(i) = -5*i**3 + 103*i**2 - 63*i + 31. Is k(18) a composite number?
False
Let p = -96049 - -170672. Is p composite?
False
Suppose 4*x - 11456 = -p, 11*p = -3*x + 12*p + 8585. Is x a composite number?
True
Suppose -2*q - 3*q = 4*z + 13, 0 = -3*z + 3*q + 24. Suppose -t + 230 = -z*d, d - 5*d - 1117 = -5*t. Is t prime?
False
Let y be 2/((-6)/(-15))*-15. Let m = y + 220. Is m a composite number?
True
Let m = 103 + -86. Let l(i) = -i**3 + 22*i**2 - 19*i + 15. Is l(m) a composite number?
True
Let k(o) = 483*o - 4. Let n be k(3). Suppose 2*w - n = 461. Is w composite?
False
Let j = 22026 - 10275. Is j composite?
True
Is (1/(-2)*59)/(10/(-1580)) a prime number?
False
Let q = 195 + -131. Let d(g) = -3*g + 33. Let r be d(18). Let j = r + q. Is j prime?
True
Let v(n) = -5276*n + 447. Is v(-7) composite?
False
Let q(z) = 1 + 0*z**3 + 7*z**2 + 3*z - z**3 + 6 + z**2. Is q(8) composite?
False
Let k = 9 + -4. Suppose -2*w - 2 = 2*r, -2 = r + 3*w + k. Is (919/(-2))/(r/(-4)) a prime number?
True
Suppose 4*y + 1266 = 7*y. Suppose 5*p - 2*p + f = y, 3*f + 285 = 2*p. Let v = -23 + p. Is v a prime number?
False
Is 1012872/140 + (-1)/(-5) a composite number?
True
Suppose -4*i + 10680 = p, 0*i + 5*p - 10664 = -4*i. Is i a prime number?
True
Let c = 1197 + -38. Is c prime?
False
Let f(c) = 2*c**3 - 10*c**2 - 3*c - 11. Let z be f(8). Suppose -z = -3*l + 308. Let d = l + -128. Is d prime?
False
Let v(t) = -t**2 - 4*t + 10. Let a be 12/(-4)*(-3 - -6). Let m be v(a). Let j = m + 88. I